{"id":2312,"date":"2020-06-11T14:06:52","date_gmt":"2020-06-11T12:06:52","guid":{"rendered":"http:\/\/bioclips.info\/?page_id=2312"},"modified":"2020-06-12T10:42:57","modified_gmt":"2020-06-12T08:42:57","slug":"mutationen","status":"publish","type":"page","link":"https:\/\/bioclips.info\/?page_id=2312","title":{"rendered":"Mutationen"},"content":{"rendered":"\n<h2 class=\"wp-block-heading\">Worum gehts?<\/h2>\n\n\n\n<p>Allgemeine Grundlagen<\/p>\n\n\n\n<h2 class=\"wp-block-heading\">Allgemeines<\/h2>\n\n\n\n<p>Mutationen sind Ver\u00e4nderungen der genetischen Information.<\/p>\n\n\n\n<p>Man unterscheidet:<\/p>\n\n\n\n<ul><li>Genmutationen: Ver\u00e4nderungen innerhalb eines Gens<\/li><li>Chromosomenmutationen: Ver\u00e4nderungen eines Chromosoms<\/li><li>Chromosomensatzmutationen: die Anzahl der Chromosome ist ver\u00e4ndert<\/li><\/ul>\n\n\n\n<h2 class=\"wp-block-heading\">Eigenschaften<\/h2>\n\n\n\n<ul><li>zuf\u00e4llig: es ist v\u00f6llg zuf\u00e4llig, wo die Ver\u00e4nderung auftritt<\/li><li>ungerichtet: es ist zuf\u00e4llig, welche Auswirkung die Ver\u00e4nderung hat, sie ist nicht auf ein Ziel ausgerichtet, kann somit vorteilhat oder nachteilig sein<\/li><li>vorteilig\/nachteilig\/ohne Auswirkung (stille Mutation)<\/li><li>dominant\/rezessiv<\/li><li>werden vererbt, wenn sie in den Keimzellen auftreten (Keimbahnmutation)<\/li><li>Mutationen k\u00f6nnen in K\u00f6rperzellen auftreten und zu Krebserkrankungen f\u00fchren, sie werden nicht vererbt.<\/li><\/ul>\n\n\n\n<h2 class=\"wp-block-heading\">Bedeutung<\/h2>\n\n\n\n<ul><li>Evolutionsfaktor<\/li><li>Ursache von Erbkrankheiten<\/li><li>Ursache f\u00fcr Krebs<\/li><\/ul>\n\n\n\n<h2 class=\"wp-block-heading\">Mutationsrate<\/h2>\n\n\n\n<ul><li>Ist die H\u00e4ufigkeit, mit der eine bestimmte Mutation je Generation auftritt.<\/li><\/ul>\n\n\n\n<h2 class=\"wp-block-heading\">Mutationsausl\u00f6sung &#8211; Mutagene<\/h2>\n\n\n\n<ul><li>Mutationen treten spontan ohne \u00e4u\u00dfere Ursache auf.<\/li><li>Mutationen k\u00f6nnen durch \u00e4u\u00dfere Ursachen (Mutagene) ausgel\u00f6st werden. Die Mutationsrate kann dadurch erh\u00f6ht werden.<\/li><li>Mutagene:<ul><li>chemisch: Senfgas: Stickstofflost<\/li><li>physikalisch: R\u00f6ntgenstrahlen; UV Licht, Temperatur<\/li><\/ul><\/li><\/ul>\n\n\n\n<p><\/p>\n","protected":false},"excerpt":{"rendered":"<p>Worum gehts? Allgemeine Grundlagen Allgemeines Mutationen sind Ver\u00e4nderungen der genetischen Information. Man unterscheidet: Genmutationen: Ver\u00e4nderungen innerhalb eines Gens Chromosomenmutationen: Ver\u00e4nderungen eines Chromosoms Chromosomensatzmutationen: die Anzahl der Chromosome ist ver\u00e4ndert Eigenschaften zuf\u00e4llig: es ist v\u00f6llg zuf\u00e4llig, wo die Ver\u00e4nderung auftritt ungerichtet: es ist zuf\u00e4llig, welche Auswirkung die Ver\u00e4nderung hat, sie ist nicht auf ein Ziel ausgerichtet,&#8230;<\/p>\n","protected":false},"author":1,"featured_media":0,"parent":1090,"menu_order":19,"comment_status":"closed","ping_status":"closed","template":"","meta":{"footnotes":""},"_links":{"self":[{"href":"https:\/\/bioclips.info\/index.php?rest_route=\/wp\/v2\/pages\/2312"}],"collection":[{"href":"https:\/\/bioclips.info\/index.php?rest_route=\/wp\/v2\/pages"}],"about":[{"href":"https:\/\/bioclips.info\/index.php?rest_route=\/wp\/v2\/types\/page"}],"author":[{"embeddable":true,"href":"https:\/\/bioclips.info\/index.php?rest_route=\/wp\/v2\/users\/1"}],"replies":[{"embeddable":true,"href":"https:\/\/bioclips.info\/index.php?rest_route=%2Fwp%2Fv2%2Fcomments&post=2312"}],"version-history":[{"count":2,"href":"https:\/\/bioclips.info\/index.php?rest_route=\/wp\/v2\/pages\/2312\/revisions"}],"predecessor-version":[{"id":2327,"href":"https:\/\/bioclips.info\/index.php?rest_route=\/wp\/v2\/pages\/2312\/revisions\/2327"}],"up":[{"embeddable":true,"href":"https:\/\/bioclips.info\/index.php?rest_route=\/wp\/v2\/pages\/1090"}],"wp:attachment":[{"href":"https:\/\/bioclips.info\/index.php?rest_route=%2Fwp%2Fv2%2Fmedia&parent=2312"}],"curies":[{"name":"wp","href":"https:\/\/api.w.org\/{rel}","templated":true}]}}