{"id":2251,"date":"2020-06-10T14:24:00","date_gmt":"2020-06-10T12:24:00","guid":{"rendered":"http:\/\/bioclips.info\/?page_id=2251"},"modified":"2020-08-18T11:38:21","modified_gmt":"2020-08-18T09:38:21","slug":"proteinbiosynthese-genexpression","status":"publish","type":"page","link":"https:\/\/bioclips.info\/?page_id=2251","title":{"rendered":"Proteinsynthese &#8211; Genexpression"},"content":{"rendered":"\n<p>Bei der Proteinsynthese wird die \u00dcbertragung der genetischen Information realisiert. Es entstehen Proteine, die als Strukturproteine am Zellaufbau beteiligt oder als&nbsp;Enzyme&nbsp;f\u00fcr Stoffwechselvorg\u00e4nge verantwortlich sind.<\/p>\n\n\n\n<h2 class=\"wp-block-heading\">Worum geht\u00b4s?<\/h2>\n\n\n\n<ol><li>Sie k\u00f6nnen die zwei Syntheseschritte der Proteinsyntehse erl\u00e4utern.<\/li><\/ol>\n\n\n\n<h2 class=\"wp-block-heading\">Genexpression &#8211; kurz Expression<\/h2>\n\n\n\n<p>Die Expression ist im engeren Sinn der Vorgang der Proteinsynthese, das hei\u00dft, ein Gen wird in eine m-RNA umgeschrieben (Transkription) und in ein Protein \u00fcbersetzt (Translation).<\/p>\n\n\n\n<h2 class=\"wp-block-heading\">Transkription<\/h2>\n\n\n\n<p>\u00dcbertragung der Reihenfolge der DNA-Nucleotidbasensequenz in die Reihenfolge der Nucleotidbasensequenz der mRNA. F\u00fcr diesen Synthesevorgang sind RNA-Polymerasen verantwortlich.<\/p>\n\n\n\n<figure class=\"wp-block-embed-youtube aligncenter wp-block-embed is-type-video is-provider-youtube wp-embed-aspect-16-9 wp-has-aspect-ratio\"><div class=\"wp-block-embed__wrapper\">\n<iframe loading=\"lazy\" title=\"Transkription\" width=\"644\" height=\"362\" src=\"https:\/\/www.youtube.com\/embed\/iRoegis_-X4?feature=oembed\" frameborder=\"0\" allow=\"accelerometer; autoplay; clipboard-write; encrypted-media; gyroscope; picture-in-picture; web-share\" referrerpolicy=\"strict-origin-when-cross-origin\" allowfullscreen><\/iframe>\n<\/div><\/figure>\n\n\n\n<h3 class=\"wp-block-heading\">Verlauf<\/h3>\n\n\n\n<ol><li>RNA &#8211; Polymerase entwindet die DNA und bildet eine Transkriptionsblase<\/li><li>der Ablesevorgang findet am Matrizenstrang (Antisense-Strang; codogener Strang) statt.<\/li><li>Die mRNA-Synthese erfolgt in 5&#8242; -> 3&#8242; Richtung. In die mRNA wird statt Thymin Uracil eingebaut.<\/li><li>Am Terminationspunkt (Stoppsignal) verl\u00e4sst die Polymerase die DNA.<\/li><li>Die DNA nimmt ihren urspr\u00fcnglichen Zustand wieder an.<\/li><li>Die mRNA verl\u00e4sst den Zellkern.<\/li><\/ol>\n\n\n\n<h4 class=\"wp-block-heading\">Ergebnis<\/h4>\n\n\n\n<p>Die fertige m-RNA verl\u00e4sst den Zellkern. Sie enth\u00e4lt eine Kopie der im abgelesenen Gen gespeicherten Information.<\/p>\n\n\n\n<h2 class=\"wp-block-heading\">Translation<\/h2>\n\n\n\n<p>Die Reihenfolge der Nucleotidbasen (Nucleotidbasensequenz) wird in die Reihenfolge der Aminos\u00e4uren (Aminos\u00e4urensequenz) \u00fcbersetzt.<\/p>\n\n\n\n<p>Den Transport der Aminos\u00e4uren \u00fcbernehmen t-RNA Molek\u00fcle. Die Synthese erfolgt am Ribosom.<\/p>\n\n\n\n<h3 class=\"wp-block-heading\">Die t-RNA<\/h3>\n\n\n\n<p>Die t-RNA transportiert die Aminos\u00e4uren zum Ribosom. F\u00fcr jede Aminos\u00e4ure gibt es eine spezifische t-RNA, die sich nur an ein passendes Codon anheften kann. Ein Codon bestimmt genau eine Aminos\u00e4ure:<strong>&nbsp;Codon &#8211; Anticodon &#8211; Wechselwirkung<\/strong><\/p>\n\n\n\n<div class=\"wp-block-media-text alignwide is-stacked-on-mobile\" style=\"grid-template-columns:32% auto\"><figure class=\"wp-block-media-text__media\"><img loading=\"lazy\" decoding=\"async\" width=\"170\" height=\"184\" src=\"https:\/\/bioclips.info\/wp-content\/uploads\/2020\/06\/t_rna_01.jpg\" alt=\"\" class=\"wp-image-2254\"\/><\/figure><div class=\"wp-block-media-text__content\">\n<ol type=\"a\"><li>Bindungsstelle der Aminos\u00e4ure<\/li><li>Anti-Codon: geht eine komplement\u00e4re Wechselwirkung mit der m-RNA ein<\/li><\/ol>\n<\/div><\/div>\n\n\n\n<h3 class=\"wp-block-heading\">Das Ribosom<\/h3>\n\n\n\n<p>Das Ribosom besteht aus einer gro\u00dfen und kleinen Untereinheit, die, wenn sie in Wechselwirkung treten, ihre Funktionsf\u00e4higkeit erhalten.<\/p>\n\n\n\n<div class=\"wp-block-media-text alignwide is-stacked-on-mobile\" style=\"grid-template-columns:44% auto\"><figure class=\"wp-block-media-text__media\"><img loading=\"lazy\" decoding=\"async\" width=\"247\" height=\"181\" src=\"https:\/\/bioclips.info\/wp-content\/uploads\/2020\/06\/ribosom.jpg\" alt=\"\" class=\"wp-image-2258\"\/><\/figure><div class=\"wp-block-media-text__content\">\n<ol type=\"a\"><li>gro\u00dfe Untereinheit<\/li><li>m-RNA<\/li><li>kleine Untereinheit<\/li><\/ol>\n<\/div><\/div>\n\n\n\n<h3 class=\"wp-block-heading\">Verlauf<\/h3>\n\n\n\n<figure class=\"wp-block-embed-youtube wp-block-embed is-type-video is-provider-youtube wp-embed-aspect-16-9 wp-has-aspect-ratio\"><div class=\"wp-block-embed__wrapper\">\n<iframe loading=\"lazy\" title=\"Translation\" width=\"644\" height=\"362\" src=\"https:\/\/www.youtube.com\/embed\/J0Hi7Hz3_t4?feature=oembed\" frameborder=\"0\" allow=\"accelerometer; autoplay; clipboard-write; encrypted-media; gyroscope; picture-in-picture; web-share\" referrerpolicy=\"strict-origin-when-cross-origin\" allowfullscreen><\/iframe>\n<\/div><\/figure>\n\n\n\n<ol><li><strong>Initiation<\/strong>&nbsp;(Startvorgang)<ul><li>Zusammenbau des Ribosoms<\/li><li>kleine Untereinheit verbindet sich mit der mRNA<\/li><li>t-RNA f\u00fcr das Startcodon lagert sich an<\/li><li>das ist das Signal f\u00fcr die gro\u00dfe Untereinheit sich anzulagern<\/li><li>das Ribosom ist fertig, der Ablesevorgang kann beginnen<\/li><\/ul><\/li><li><strong>Elongation<\/strong>&nbsp;(Ablesevorgang)<ul><li>die erste t-RNA wandert in den Ausgang<\/li><li>der Eingang ist frei und die n\u00e4chste t-RNA mit der entsprechenden Aminos\u00e4ure kann sich im Eingang komplement\u00e4r anlagern<\/li><li>zwischen den Aminos\u00e4uren entsteht eine Peptidbindung<\/li><li>die erste Aminos\u00e4ure h\u00e4ngt nun an der zweiten t-RNA, ein Dipeptid ist entstanden<\/li><li>die noch beladene t-RNA wandert in den Ausgang, der Eingang ist frei und die n\u00e4chste t-RNA kann sich anlagern<\/li><li>der Vorgang beginnt von vorn&#8230;<\/li><\/ul><\/li><li><strong>Termination<\/strong>&nbsp;(Syntheseabbruch)<ul><li>erfolgt, wenn das Ribosom ein Stoppcodon erreicht hat<\/li><\/ul><\/li><\/ol>\n\n\n\n<h4 class=\"wp-block-heading\">Ergebnis<\/h4>\n\n\n\n<p>Die Reihenfolge der Nucleotidbasen ist in die Reihenfolge der Aminos\u00e4uren \u00fcbersetzt worden. Das Protein ist fertig.<\/p>\n","protected":false},"excerpt":{"rendered":"<p>Bei der Proteinsynthese wird die \u00dcbertragung der genetischen Information realisiert. Es entstehen Proteine, die als Strukturproteine am Zellaufbau beteiligt oder als&nbsp;Enzyme&nbsp;f\u00fcr Stoffwechselvorg\u00e4nge verantwortlich sind. Worum geht\u00b4s? Sie k\u00f6nnen die zwei Syntheseschritte der Proteinsyntehse erl\u00e4utern. Genexpression &#8211; kurz Expression Die Expression ist im engeren Sinn der Vorgang der Proteinsynthese, das hei\u00dft, ein Gen wird in eine&#8230;<\/p>\n","protected":false},"author":1,"featured_media":0,"parent":1090,"menu_order":10,"comment_status":"closed","ping_status":"closed","template":"","meta":{"footnotes":""},"_links":{"self":[{"href":"https:\/\/bioclips.info\/index.php?rest_route=\/wp\/v2\/pages\/2251"}],"collection":[{"href":"https:\/\/bioclips.info\/index.php?rest_route=\/wp\/v2\/pages"}],"about":[{"href":"https:\/\/bioclips.info\/index.php?rest_route=\/wp\/v2\/types\/page"}],"author":[{"embeddable":true,"href":"https:\/\/bioclips.info\/index.php?rest_route=\/wp\/v2\/users\/1"}],"replies":[{"embeddable":true,"href":"https:\/\/bioclips.info\/index.php?rest_route=%2Fwp%2Fv2%2Fcomments&post=2251"}],"version-history":[{"count":11,"href":"https:\/\/bioclips.info\/index.php?rest_route=\/wp\/v2\/pages\/2251\/revisions"}],"predecessor-version":[{"id":2517,"href":"https:\/\/bioclips.info\/index.php?rest_route=\/wp\/v2\/pages\/2251\/revisions\/2517"}],"up":[{"embeddable":true,"href":"https:\/\/bioclips.info\/index.php?rest_route=\/wp\/v2\/pages\/1090"}],"wp:attachment":[{"href":"https:\/\/bioclips.info\/index.php?rest_route=%2Fwp%2Fv2%2Fmedia&parent=2251"}],"curies":[{"name":"wp","href":"https:\/\/api.w.org\/{rel}","templated":true}]}}