{"id":2207,"date":"2020-06-07T12:52:01","date_gmt":"2020-06-07T10:52:01","guid":{"rendered":"http:\/\/bioclips.info\/?page_id=2207"},"modified":"2020-06-08T18:32:36","modified_gmt":"2020-06-08T16:32:36","slug":"das-karyogramm-die-geordneten-chromosomen","status":"publish","type":"page","link":"https:\/\/bioclips.info\/?page_id=2207","title":{"rendered":"Das Karyogramm &#8211; die geordneten Chromosomen"},"content":{"rendered":"\n<ul><li>Zu Beginn der Kernteilung (Mitose) beginnt das Chromatin (anf\u00e4rbarer Bestandteil des Zellkerns) sich zu verdichten. Die Transportform der DNA, die Chromosomen, werden sichtbar.<\/li><li>Die Chromosomen lassen sich durch spezielle Techniken anf\u00e4rben. Dadurch erhalten sie eine spezifische B\u00e4nderung. Weiterhin unterscheiden sich die Chromosomen durch ihre Gr\u00f6\u00dfe sowie die Lage des Zentromers. Mittels dieser Kriterien lassen sich die Chromosomen ordnen und damit ein Karyogramm erstellen.<\/li><\/ul>\n\n\n\n<h2 class=\"wp-block-heading\">Worum gehts?<\/h2>\n\n\n\n<p>Was ist ein Karyogramm?<\/p>\n\n\n\n<p>Mittels &#8222;Drug &amp; Drop&#8220; selber ein Karyogramm erstellen.<\/p>\n\n\n\n<h2 class=\"wp-block-heading\">Was ist ein Karyogramm?<\/h2>\n\n\n\n<ul><li>geordnete Darstellung aller Chromosomen einer Zelle<\/li><li>verwendet werden die Metaphase &#8211; Chromosomen (maximale Verdichtung der DNA)<\/li><li>es l\u00e4sst sich damit der Karyotyp eines Lebewesens feststellen: spezifsiche Anzahl und Form der Chromosomen<\/li><\/ul>\n\n\n\n<h3 class=\"wp-block-heading\">Ein Karyogramm selbst erstellen<\/h3>\n\n\n\n<p>Die Chromosomen lassen sich ordnen, indem man mit dem Mauszeiger \u00fcber ein Chromosom geht, die linke Maustaste dr\u00fcckt und dann das Chromosom mit gedr\u00fcckter Maustaste auf eine Linie zieht (Drug &amp; Drop).<\/p>\n\n\n\n<figure class=\"wp-block-image size-large\"><img loading=\"lazy\" decoding=\"async\" width=\"530\" height=\"805\" src=\"https:\/\/bioclips.info\/wp-content\/uploads\/2020\/06\/Karyogramm1.jpg\" alt=\"\" class=\"wp-image-2208\" srcset=\"https:\/\/bioclips.info\/wp-content\/uploads\/2020\/06\/Karyogramm1.jpg 530w, https:\/\/bioclips.info\/wp-content\/uploads\/2020\/06\/Karyogramm1-198x300.jpg 198w\" sizes=\"(max-width: 530px) 100vw, 530px\" \/><\/figure>\n\n\n\n<figure class=\"wp-block-image size-large\"><img loading=\"lazy\" decoding=\"async\" width=\"523\" height=\"804\" src=\"https:\/\/bioclips.info\/wp-content\/uploads\/2020\/06\/Karyogramm2.jpg\" alt=\"\" class=\"wp-image-2209\" srcset=\"https:\/\/bioclips.info\/wp-content\/uploads\/2020\/06\/Karyogramm2.jpg 523w, https:\/\/bioclips.info\/wp-content\/uploads\/2020\/06\/Karyogramm2-195x300.jpg 195w\" sizes=\"(max-width: 523px) 100vw, 523px\" \/><\/figure>\n\n\n\n<h2 class=\"wp-block-heading\">Auswertung<\/h2>\n\n\n\n<h3 class=\"wp-block-heading\">Autosome<\/h3>\n\n\n\n<ul><li>Beim Sortieren der Chromosomen wird man schnell feststellen, dass es immer zwei Chromosomen gibt, die sich in ihrer B\u00e4nderung, Gr\u00f6\u00dfe und Zentromerlage gleichen.<\/li><li>Hierbei handelt es sich um sogenannte Autosomen, auch homologe Chromosomen. Sie werden im Karyogramm paarweise der Gr\u00f6\u00dfe nach dargestellt.<\/li><\/ul>\n\n\n\n<h3 class=\"wp-block-heading\">Heterosome<\/h3>\n\n\n\n<ul><li>Zwei Chromosomen haben keinen Partner. Das sind die Geschlechtschromosomen. Das gr\u00f6\u00dfere ist das X-Chromosom, das kleinere das Y-Chromosom.<\/li><li>Das Vorhandensein des Y-Chromosoms f\u00fchrt beim Menschen zur Ausbildung des m\u00e4nnlichen Geschlechts.<\/li><li>Zwei X-Chromosomen bewirken die Ausbildung des weiblichen Geschlechts.<\/li><\/ul>\n","protected":false},"excerpt":{"rendered":"<p>Zu Beginn der Kernteilung (Mitose) beginnt das Chromatin (anf\u00e4rbarer Bestandteil des Zellkerns) sich zu verdichten. Die Transportform der DNA, die Chromosomen, werden sichtbar. Die Chromosomen lassen sich durch spezielle Techniken anf\u00e4rben. Dadurch erhalten sie eine spezifische B\u00e4nderung. Weiterhin unterscheiden sich die Chromosomen durch ihre Gr\u00f6\u00dfe sowie die Lage des Zentromers. Mittels dieser Kriterien lassen sich&#8230;<\/p>\n","protected":false},"author":1,"featured_media":0,"parent":1090,"menu_order":3,"comment_status":"closed","ping_status":"closed","template":"","meta":{"footnotes":""},"_links":{"self":[{"href":"https:\/\/bioclips.info\/index.php?rest_route=\/wp\/v2\/pages\/2207"}],"collection":[{"href":"https:\/\/bioclips.info\/index.php?rest_route=\/wp\/v2\/pages"}],"about":[{"href":"https:\/\/bioclips.info\/index.php?rest_route=\/wp\/v2\/types\/page"}],"author":[{"embeddable":true,"href":"https:\/\/bioclips.info\/index.php?rest_route=\/wp\/v2\/users\/1"}],"replies":[{"embeddable":true,"href":"https:\/\/bioclips.info\/index.php?rest_route=%2Fwp%2Fv2%2Fcomments&post=2207"}],"version-history":[{"count":1,"href":"https:\/\/bioclips.info\/index.php?rest_route=\/wp\/v2\/pages\/2207\/revisions"}],"predecessor-version":[{"id":2210,"href":"https:\/\/bioclips.info\/index.php?rest_route=\/wp\/v2\/pages\/2207\/revisions\/2210"}],"up":[{"embeddable":true,"href":"https:\/\/bioclips.info\/index.php?rest_route=\/wp\/v2\/pages\/1090"}],"wp:attachment":[{"href":"https:\/\/bioclips.info\/index.php?rest_route=%2Fwp%2Fv2%2Fmedia&parent=2207"}],"curies":[{"name":"wp","href":"https:\/\/api.w.org\/{rel}","templated":true}]}}