{"id":2026,"date":"2020-06-05T18:35:02","date_gmt":"2020-06-05T16:35:02","guid":{"rendered":"http:\/\/bioclips.info\/?page_id=2026"},"modified":"2020-06-12T11:43:54","modified_gmt":"2020-06-12T09:43:54","slug":"pcr-der-dna-copy-shop","status":"publish","type":"page","link":"https:\/\/bioclips.info\/?page_id=2026","title":{"rendered":"PCR &#8211; der DNA Copy-Shop"},"content":{"rendered":"\n<p>&#8222;Jack the Ripper durch Speicheltest \u00fcberf\u00fchrt&#8220;, h\u00e4tte der Aufmacher einer Londoner Zeitung lauten k\u00f6nnen, w\u00e4re Scotland Yard 1888 in der Lage gewesen, die Methoden der Biotechnologie zu nutzen. Bereits Zellpartikel enthalten Reste von DNA, die ausreichen, um vom T\u00e4ter einen &#8222;genetischen Fingerabdruck&nbsp;&#8220; zu erstellen. Die Biochemiker ben\u00f6tigen daf\u00fcr gro\u00dfe Mengen T\u00e4ter-DNA , die sie mit Hilfe der Polymerase-Kettenreaktion (<em>engl.: polymerase chain reaction, PCR<\/em>) millionenfach vervielf\u00e4ltigen, um sie anschlie\u00dfend analysieren zu k\u00f6nnen.<br>Genutzt wird das Prinzip der Replikation:&nbsp;<strong>Vervielfachung durch zyklische Wiederholung der Replikation.<\/strong><\/p>\n\n\n\n<h2 class=\"wp-block-heading\"><img loading=\"lazy\" decoding=\"async\" width=\"25\" height=\"25\" class=\"wp-image-961\" style=\"width: 25px;\" src=\"http:\/\/bioclips.info\/wp-content\/uploads\/2018\/12\/favicon.jpg\" alt=\"\" srcset=\"https:\/\/bioclips.info\/wp-content\/uploads\/2018\/12\/favicon.jpg 512w, https:\/\/bioclips.info\/wp-content\/uploads\/2018\/12\/favicon-150x150.jpg 150w, https:\/\/bioclips.info\/wp-content\/uploads\/2018\/12\/favicon-300x300.jpg 300w\" sizes=\"(max-width: 25px) 100vw, 25px\" \/> Worum gehts?<\/h2>\n\n\n\n<p>Vorgestellt wird ein Verfahren, um unter Laborbedingungen DNA in notwendigen Mengen herzustellen. Die PCR ist ein Standardverfahren in der Biotechnologie (Gentechnologie).<\/p>\n\n\n\n<h2 class=\"wp-block-heading\">Voraussetzung<\/h2>\n\n\n\n<h3 class=\"wp-block-heading\">DNA &#8211; Eigenschaften<\/h3>\n\n\n\n<ul><li>Da die Einzelstr\u00e4nge der DNA \u00fcber Wasserstoffbr\u00fccken miteinander verbunden sind (komplement\u00e4re Basenpaarung), m\u00fcssen sie voneinander getrennt werden.<\/li><li>Einzelstr\u00e4nge werden durch Erhitzen erzeugt, sie trennen sich bei Temperaturen zwischen 70 und 100\u00b0C (Schmelzpunkt). Die Aufrennung durch Enzyme w\u00e4re zu aufwendig.<\/li><li>Die DNA liegt anschlie\u00dfend als Einzelstrangmolek\u00fcl (Matrizenstrang) vor. Das Ablesen ist nun m\u00f6glich.<\/li><\/ul>\n\n\n\n<div class=\"wp-block-image\"><figure class=\"aligncenter size-large\"><img loading=\"lazy\" decoding=\"async\" width=\"550\" height=\"400\" src=\"https:\/\/bioclips.info\/wp-content\/uploads\/2020\/06\/PCR-voraus.jpg\" alt=\"\" class=\"wp-image-2346\" srcset=\"https:\/\/bioclips.info\/wp-content\/uploads\/2020\/06\/PCR-voraus.jpg 550w, https:\/\/bioclips.info\/wp-content\/uploads\/2020\/06\/PCR-voraus-300x218.jpg 300w\" sizes=\"(max-width: 550px) 100vw, 550px\" \/><\/figure><\/div>\n\n\n\n<h3 class=\"wp-block-heading\">Primer<\/h3>\n\n\n\n<ul><li>Primer&nbsp;sind synthetisch hergestellte Startermolek\u00fcle aus 15 &#8211; 20 Nukleotiden, die die Anlagerung der DNA &#8211; Polymerase erm\u00f6glichen.<\/li><li>Sie wirken paarweise in entgegengesetzte Richtung.<\/li><\/ul>\n\n\n\n<h3 class=\"wp-block-heading\">Taq &#8211; Polymerase statt DNA &#8211; Polymerase<\/h3>\n\n\n\n<ul><li>Aufgrund des Schmelzpunktes der DNA funktioniert die PCR nur bei hohen Temperaturen. Normale DNA-Polymerasen w\u00fcrden gerinnen und somit nicht funktionieren.<\/li><li>Deshalb verwendet man genetisch modifizierte Polymerasen von Thermus aquaticus (Taq-Polymerasen), die auch bei hohen Temperaturen arbeitsf\u00e4hig sind. Gefunden wurde das Bakterium in hei\u00dfen Quellen und ist mit seinem Stoffwechsel hervorragend an Temperaturen um die 100\u00b0C angepasst.<\/li><li>Die f\u00fcr die Kettenreaktion notwendige Taq-Polymerase ist somit extrem hitzebest\u00e4ndig und hat ein Temperaturoptimum von ca. 72\u00b0C. Sie kann Temperaturen von 95\u00b0C problemlos \u00fcberstehen.<\/li><\/ul>\n\n\n\n<h2 class=\"wp-block-heading\">Verlauf<\/h2>\n\n\n\n<figure class=\"wp-block-embed-youtube aligncenter wp-block-embed is-type-video is-provider-youtube wp-embed-aspect-16-9 wp-has-aspect-ratio\"><div class=\"wp-block-embed__wrapper\">\n<iframe loading=\"lazy\" title=\"PCR - Polymerase-Ketten-Reaktion\" width=\"644\" height=\"362\" src=\"https:\/\/www.youtube.com\/embed\/V1kd2TAs-Gk?feature=oembed\" frameborder=\"0\" allow=\"accelerometer; autoplay; clipboard-write; encrypted-media; gyroscope; picture-in-picture; web-share\" referrerpolicy=\"strict-origin-when-cross-origin\" allowfullscreen><\/iframe>\n<\/div><\/figure>\n\n\n\n<h3 class=\"wp-block-heading\">Denaturierung<\/h3>\n\n\n\n<ul><li>Erhitzen der DNA auf 90-100\u00b0C, die DNA wird geschmolzen<\/li><li>die Einzelstr\u00e4nge trennen sich<\/li><\/ul>\n\n\n\n<h3 class=\"wp-block-heading\">Hybridisierung<\/h3>\n\n\n\n<ul><li>wenn sich das Reaktionsgemisch auf 50\u00b0C abk\u00fchlt, binden die Primer mit den komplement\u00e4ren Sequenzen der Matrizen-DNA<\/li><\/ul>\n\n\n\n<h3 class=\"wp-block-heading\">Polymerisation<\/h3>\n\n\n\n<ul><li>am 3\u00b4-Ende des Primers beginnt die Taq-Polymerase mit der Synthese der neuen Einzelstr\u00e4nge<\/li><li>bei der f\u00fcr die Polymerasen optimalen Temperatur von ca. 72\u00b0C arbeiten beide Enzyme fortlaufend<\/li><li>nach Beendigung der Polymerisation beginnt der Zyklus von vorn<\/li><\/ul>\n\n\n\n<h2 class=\"wp-block-heading\">Weitere Merkmale<\/h2>\n\n\n\n<ul><li>Die PCR kann so lange ablaufen, bis die in der L\u00f6sung vorhandenen Taq-Polymerasen nicht mehr ausreichen, um alle Primer zu belegen.<\/li><li>Ein Zyklus dauert wenige Minuten, wobei mehrere Zyklen vollst\u00e4ndig automatisiert ablaufen .<\/li><li>Es k\u00f6nnen bis zu 25 Zyklen hintereinander durchgef\u00fchrt werden. Vom DNA Doppelstrang liegen dann ca. 3 Millionen Kopien vor.<\/li><li>Die L\u00e4nge der DNA-Molek\u00fcle ist aus technischen Gr\u00fcnden begrenzt.<\/li><\/ul>\n\n\n\n<h2 class=\"wp-block-heading\">Anwendungsgebiete<\/h2>\n\n\n\n<ul><li>DNA &#8211; Fingerprinting<\/li><li>Vaterschaftsnachweis<\/li><li>Gentechnik<\/li><li>Pal\u00e4ontologie<\/li><\/ul>\n","protected":false},"excerpt":{"rendered":"<p>&#8222;Jack the Ripper durch Speicheltest \u00fcberf\u00fchrt&#8220;, h\u00e4tte der Aufmacher einer Londoner Zeitung lauten k\u00f6nnen, w\u00e4re Scotland Yard 1888 in der Lage gewesen, die Methoden der Biotechnologie zu nutzen. Bereits Zellpartikel enthalten Reste von DNA, die ausreichen, um vom T\u00e4ter einen &#8222;genetischen Fingerabdruck&nbsp;&#8220; zu erstellen. Die Biochemiker ben\u00f6tigen daf\u00fcr gro\u00dfe Mengen T\u00e4ter-DNA , die sie mit&#8230;<\/p>\n","protected":false},"author":1,"featured_media":0,"parent":1190,"menu_order":1,"comment_status":"closed","ping_status":"closed","template":"","meta":{"footnotes":""},"_links":{"self":[{"href":"https:\/\/bioclips.info\/index.php?rest_route=\/wp\/v2\/pages\/2026"}],"collection":[{"href":"https:\/\/bioclips.info\/index.php?rest_route=\/wp\/v2\/pages"}],"about":[{"href":"https:\/\/bioclips.info\/index.php?rest_route=\/wp\/v2\/types\/page"}],"author":[{"embeddable":true,"href":"https:\/\/bioclips.info\/index.php?rest_route=\/wp\/v2\/users\/1"}],"replies":[{"embeddable":true,"href":"https:\/\/bioclips.info\/index.php?rest_route=%2Fwp%2Fv2%2Fcomments&post=2026"}],"version-history":[{"count":8,"href":"https:\/\/bioclips.info\/index.php?rest_route=\/wp\/v2\/pages\/2026\/revisions"}],"predecessor-version":[{"id":2351,"href":"https:\/\/bioclips.info\/index.php?rest_route=\/wp\/v2\/pages\/2026\/revisions\/2351"}],"up":[{"embeddable":true,"href":"https:\/\/bioclips.info\/index.php?rest_route=\/wp\/v2\/pages\/1190"}],"wp:attachment":[{"href":"https:\/\/bioclips.info\/index.php?rest_route=%2Fwp%2Fv2%2Fmedia&parent=2026"}],"curies":[{"name":"wp","href":"https:\/\/api.w.org\/{rel}","templated":true}]}}