{"id":1609,"date":"2020-04-30T09:51:16","date_gmt":"2020-04-30T07:51:16","guid":{"rendered":"http:\/\/bioclips.info\/?page_id=1609"},"modified":"2020-05-04T17:29:06","modified_gmt":"2020-05-04T15:29:06","slug":"atp-die-energiewaehrung-der-zelle","status":"publish","type":"page","link":"https:\/\/bioclips.info\/?page_id=1609","title":{"rendered":"ATP &#8211; die Energiew\u00e4hrung in Zellen"},"content":{"rendered":"\n<p>Vor allem ATP bestimmt den Energiekreislauf in der Zelle, es ist sozusagen die Energiew\u00e4hrung, die zwischen abbauenden und aufbauenden Stoffwechselvorg\u00e4ngen vermittelt.<\/p>\n\n\n\n<p>Menschliche Zellen erhalten ihre Energie (freie Enthalpie) aus dem Abbau energiereicher organischer N\u00e4hrstoffe. Sie verwenden diese Energie um ATP herzustellen. Die &#8222;ATP &#8211; Energie&#8220; ist beteiligt an der Synthese von energiereichen Verbindungen, am aktiven Stofftransport und erm\u00f6glicht mechanische Bewegung (Muskelzelle, Transportproteine).<\/p>\n\n\n\n<h2 class=\"wp-block-heading\"><img loading=\"lazy\" decoding=\"async\" width=\"25\" height=\"25\" class=\"wp-image-961\" style=\"width: 25px;\" src=\"http:\/\/bioclips.info\/wp-content\/uploads\/2018\/12\/favicon.jpg\" alt=\"\" srcset=\"https:\/\/bioclips.info\/wp-content\/uploads\/2018\/12\/favicon.jpg 512w, https:\/\/bioclips.info\/wp-content\/uploads\/2018\/12\/favicon-150x150.jpg 150w, https:\/\/bioclips.info\/wp-content\/uploads\/2018\/12\/favicon-300x300.jpg 300w\" sizes=\"(max-width: 25px) 100vw, 25px\" \/> Worum gehts?<\/h2>\n\n\n\n<p>Ausgehend von der Struktur und den sich daraus ergebenden Eigenschaften von Adenosintriphosphat (ATP) vermittelt die Seite einen Einblick in die Wirkungsweise von ATP als universeller Energie\u00fcbertr\u00e4ger in Zellen.<\/p>\n\n\n\n<h2 class=\"wp-block-heading\">Struktur<\/h2>\n\n\n\n<p>ATP kommt in allen lebenden Zellen vor.<\/p>\n\n\n\n<p>Das Molek\u00fcl besteht aus der stickstoffhaltigen Base Adenin, der Ribose und drei Molek\u00fclen Phosophors\u00e4ure.<\/p>\n\n\n\n<div class=\"wp-block-image\"><figure class=\"aligncenter size-large\"><img loading=\"lazy\" decoding=\"async\" width=\"550\" height=\"400\" src=\"https:\/\/bioclips.info\/wp-content\/uploads\/2020\/05\/enzym-atp01.jpg\" alt=\"\" class=\"wp-image-1770\" srcset=\"https:\/\/bioclips.info\/wp-content\/uploads\/2020\/05\/enzym-atp01.jpg 550w, https:\/\/bioclips.info\/wp-content\/uploads\/2020\/05\/enzym-atp01-300x218.jpg 300w\" sizes=\"(max-width: 550px) 100vw, 550px\" \/><\/figure><\/div>\n\n\n\n<p>Bindungen:<\/p>\n\n\n\n<ol type=\"a\"><li>Anhydridbindungen<\/li><li>Esterbindung<\/li><li>N-glykosidische Bindung<\/li><\/ol>\n\n\n\n<p>Die Phosphors\u00e4uren liegen in Zellen in dissozierter Form vor, so dass das Molek\u00fcl stark negativ geladen ist.<\/p>\n\n\n\n<div class=\"wp-block-image\"><figure class=\"aligncenter size-large\"><img loading=\"lazy\" decoding=\"async\" width=\"550\" height=\"400\" src=\"https:\/\/bioclips.info\/wp-content\/uploads\/2020\/05\/enzym-atp02.jpg\" alt=\"\" class=\"wp-image-1771\" srcset=\"https:\/\/bioclips.info\/wp-content\/uploads\/2020\/05\/enzym-atp02.jpg 550w, https:\/\/bioclips.info\/wp-content\/uploads\/2020\/05\/enzym-atp02-300x218.jpg 300w\" sizes=\"(max-width: 550px) 100vw, 550px\" \/><\/figure><\/div>\n\n\n\n<p>Durch Abspaltung eines Phosphatrestes entsteht ADP und eines weiteren Phosphatrestes AMP.<\/p>\n\n\n\n<div class=\"wp-block-image\"><figure class=\"aligncenter size-large\"><img loading=\"lazy\" decoding=\"async\" width=\"550\" height=\"400\" src=\"https:\/\/bioclips.info\/wp-content\/uploads\/2020\/05\/enzym-atp03.jpg\" alt=\"\" class=\"wp-image-1772\" srcset=\"https:\/\/bioclips.info\/wp-content\/uploads\/2020\/05\/enzym-atp03.jpg 550w, https:\/\/bioclips.info\/wp-content\/uploads\/2020\/05\/enzym-atp03-300x218.jpg 300w\" sizes=\"(max-width: 550px) 100vw, 550px\" \/><\/figure><\/div>\n\n\n\n<p>Die benachbarten negativen Ladungen der Phosphors\u00e4ure wirken stark absto\u00dfend (elektrostatische Spannung)<\/p>\n\n\n\n<p>Die Phosphos\u00e4urekette kann man aufgrund der negativen Ladung mit einer gespannten Feder vergleichen. Wird ein Phosphatrest abgespalten, verliert das Gesamtsystem an Spannung. Das erkl\u00e4rt, warum die hydrolytische Spaltung von ATP so exergon ist.<\/p>\n\n\n\n<h2 class=\"wp-block-heading\">Eigenschaften<\/h2>\n\n\n\n<h3 class=\"wp-block-heading\">ATP &#8211; Hydrolyse<\/h3>\n\n\n\n<div class=\"wp-block-image\"><figure class=\"aligncenter size-large\"><img loading=\"lazy\" decoding=\"async\" width=\"644\" height=\"480\" src=\"https:\/\/bioclips.info\/wp-content\/uploads\/2020\/04\/enzym-atp1-644x480.jpg\" alt=\"\" class=\"wp-image-1645\" srcset=\"https:\/\/bioclips.info\/wp-content\/uploads\/2020\/04\/enzym-atp1-644x480.jpg 644w, https:\/\/bioclips.info\/wp-content\/uploads\/2020\/04\/enzym-atp1-300x224.jpg 300w, https:\/\/bioclips.info\/wp-content\/uploads\/2020\/04\/enzym-atp1-768x572.jpg 768w, https:\/\/bioclips.info\/wp-content\/uploads\/2020\/04\/enzym-atp1.jpg 1449w\" sizes=\"(max-width: 644px) 100vw, 644px\" \/><\/figure><\/div>\n\n\n\n<p>Die Hydrolyse von ATP ist eine exergone Reaktion.<\/p>\n\n\n\n<h3 class=\"wp-block-heading\">Hydrolytische Spaltung<\/h3>\n\n\n\n<div class=\"wp-block-image\"><figure class=\"aligncenter size-large\"><img loading=\"lazy\" decoding=\"async\" width=\"644\" height=\"480\" src=\"https:\/\/bioclips.info\/wp-content\/uploads\/2020\/04\/enzym-atp2-644x480.jpg\" alt=\"\" class=\"wp-image-1646\" srcset=\"https:\/\/bioclips.info\/wp-content\/uploads\/2020\/04\/enzym-atp2-644x480.jpg 644w, https:\/\/bioclips.info\/wp-content\/uploads\/2020\/04\/enzym-atp2-300x224.jpg 300w, https:\/\/bioclips.info\/wp-content\/uploads\/2020\/04\/enzym-atp2-768x572.jpg 768w, https:\/\/bioclips.info\/wp-content\/uploads\/2020\/04\/enzym-atp2.jpg 1449w\" sizes=\"(max-width: 644px) 100vw, 644px\" \/><\/figure><\/div>\n\n\n\n<p>Durch die Spaltung der Anhydridbinung verringert sich elektrostatische Absto\u00dfung.<\/p>\n\n\n\n<h3 class=\"wp-block-heading\">Dissoziation<\/h3>\n\n\n\n<figure class=\"wp-block-image size-large\"><img loading=\"lazy\" decoding=\"async\" width=\"644\" height=\"480\" src=\"https:\/\/bioclips.info\/wp-content\/uploads\/2020\/04\/enzym-atp3-644x480.jpg\" alt=\"\" class=\"wp-image-1647\" srcset=\"https:\/\/bioclips.info\/wp-content\/uploads\/2020\/04\/enzym-atp3-644x480.jpg 644w, https:\/\/bioclips.info\/wp-content\/uploads\/2020\/04\/enzym-atp3-300x224.jpg 300w, https:\/\/bioclips.info\/wp-content\/uploads\/2020\/04\/enzym-atp3-768x572.jpg 768w, https:\/\/bioclips.info\/wp-content\/uploads\/2020\/04\/enzym-atp3.jpg 1449w\" sizes=\"(max-width: 644px) 100vw, 644px\" \/><\/figure>\n\n\n\n<p>ADP dissoziert sofort und gibt H<sup>+<\/sup>&nbsp;ab.<\/p>\n\n\n\n<p>Die Spaltung der Phosphors\u00e4ureanhydridbindung findet nur statt, wenn ein Enzym vorhanden ist.<\/p>\n\n\n\n<p>Die Hydrolyse von ATP kann keine endergonen Reaktionen antreiben. Sie bewirkt ausschlie\u00dflich die Freisetzung von W\u00e4rme, die keine chemischen Reaktionen antreiben kann.<\/p>\n\n\n\n<h4 class=\"wp-block-heading\">Prozesse bei denen eine einfache Hydrolyse Molek\u00fclstrukturen ver\u00e4ndert<\/h4>\n\n\n\n<p>ATP bindet kovalent an ein Molek\u00fcl, durch die sich anschlie\u00dfende Hydrolyse wechselt es in einen anderen Zustand. Der Wechsel zwischen diesen zwei Zustanden f\u00fchrt zu einer mechanischen Bewegung:<\/p>\n\n\n\n<ul><li>Muskelkontraktion<\/li><li>Bewegung von Proteinen an der DNA<\/li><li>Bewegung von Riobosomen entlang der mRNA (Translation, Proteinbiosynthese)<\/li><\/ul>\n\n\n\n<h2 class=\"wp-block-heading\">ATP als Mittler zwischen energieliefernden und energieverbrauchenden Reaktionen<\/h2>\n\n\n\n<p>Das Schema veranschaulicht die Mittlerfunktion von ATP zwischen exergonen und endergonen Reaktionen:<\/p>\n\n\n\n<div class=\"wp-block-image\"><figure class=\"aligncenter size-large\"><img loading=\"lazy\" decoding=\"async\" width=\"550\" height=\"400\" src=\"https:\/\/bioclips.info\/wp-content\/uploads\/2020\/04\/enzym-atpmitler.jpg\" alt=\"\" class=\"wp-image-1649\" srcset=\"https:\/\/bioclips.info\/wp-content\/uploads\/2020\/04\/enzym-atpmitler.jpg 550w, https:\/\/bioclips.info\/wp-content\/uploads\/2020\/04\/enzym-atpmitler-300x218.jpg 300w\" sizes=\"(max-width: 550px) 100vw, 550px\" \/><\/figure><\/div>\n\n\n\n<p>Dabei liefert ATP die Energie f\u00fcr die endergone Reaktion der Substanz C zur Substanz D.<\/p>\n\n\n\n<p>Dies wird in der Regel durch einen Pfeil symbolisiert bei dem ATP zu ADP + P reagiert. Bei dieser Darstellung scheint es so, als ob durch die Hydrolyse von ATP zu ADP + P die endergone Reaktion angetrieben wird.<\/p>\n\n\n\n<p>Dem ist nicht so, da durch eine einfache Hydolyse nur W\u00e4rme freigesetzt wird, die nicht genutzt werden kann.<\/p>\n\n\n\n<p>Bei der Darstellung der ATP &#8211; Umsetzung handelt es sich um eine Vereinfung einer sonst zweistufig ablaufenden Rekation, wie sie im Folgenden dargestellt ist.<\/p>\n\n\n\n<h4 class=\"wp-block-heading\">Phosphorylierung<\/h4>\n\n\n\n<p>\u00dcbertragung einer Phosphatgruppe&#8230;<\/p>\n\n\n\n<ul><li>auf ADP zur Bildung von ATP, wichtige Prozesse sind die Photophosphorylierung&nbsp;der Photosynthese und&nbsp;Oxidative Phosphorylierung&nbsp;der Atumungskette)<\/li><li>von ATP auf ein anderes Molek\u00fcl, das dadurch energiereicher wir.<\/li><\/ul>\n\n\n\n<h2 class=\"wp-block-heading\">ATP liefert Energie durch Gruppen\u00fcbertragung, nicht durch einfache Hydrolyse<\/h2>\n\n\n\n<p>Der Beitrag von ATP an einer Reaktion wird in der Regel in einer vereinfachten Schreibweise als Einzelschritt dargestellt.<\/p>\n\n\n\n<div class=\"wp-block-image\"><figure class=\"aligncenter size-large\"><img loading=\"lazy\" decoding=\"async\" width=\"550\" height=\"400\" src=\"https:\/\/bioclips.info\/wp-content\/uploads\/2020\/05\/enzym-atp4.jpg\" alt=\"\" class=\"wp-image-1775\" srcset=\"https:\/\/bioclips.info\/wp-content\/uploads\/2020\/05\/enzym-atp4.jpg 550w, https:\/\/bioclips.info\/wp-content\/uploads\/2020\/05\/enzym-atp4-300x218.jpg 300w\" sizes=\"(max-width: 550px) 100vw, 550px\" \/><\/figure><\/div>\n\n\n\n<p>Fast immer besteht bei einer solchen Darstellung die Reaktion aus zwei Teilreaktionen.<\/p>\n\n\n\n<p>In der ersten Teilreaktion wird eine Phosphatgruppe von ATP auf Glutamat \u00fcbertragen. Es erfolgt eine kovalente Bindung.<\/p>\n\n\n\n<div class=\"wp-block-image\"><figure class=\"aligncenter size-large\"><img loading=\"lazy\" decoding=\"async\" width=\"550\" height=\"400\" src=\"https:\/\/bioclips.info\/wp-content\/uploads\/2020\/05\/enzym-atp5.jpg\" alt=\"\" class=\"wp-image-1776\" srcset=\"https:\/\/bioclips.info\/wp-content\/uploads\/2020\/05\/enzym-atp5.jpg 550w, https:\/\/bioclips.info\/wp-content\/uploads\/2020\/05\/enzym-atp5-300x218.jpg 300w\" sizes=\"(max-width: 550px) 100vw, 550px\" \/><\/figure><\/div>\n\n\n\n<p>Im der zweiten Reaktion wird dann die Phosphatgruppe durch NH<sub>2<\/sub>&nbsp;verdr\u00e4ngt und der Phosphors\u00e4urerest freigesetzt.<\/p>\n\n\n\n<h2 class=\"wp-block-heading\">Zusammenfassung<\/h2>\n\n\n\n<ul><li>ATP ist der Mittler zwischen katabolen und anabolen Stoffwechselprozessen: Energiew\u00e4hrung.<\/li><li>Bei der Energie\u00fcbertragung (Ver\u00e4nderung der freien Enthalpie) stehen sich endergonische und exergonische Reaktionen gegen\u00fcber: Sie bedingen einander.<\/li><li>In den meisten F\u00e4llen erfolgt die Energie\u00fcbertragung durch eine Phosphatgruppen\u00fcbertragung.<\/li><li>Eine einfache Hydrolyse von ATP hat nur selten direkten Einfluss auf molekulare Prozesse.<\/li><\/ul>\n\n\n\n<h4 class=\"wp-block-heading\">Bedeutung &#8211; Spanne der Energie\u00fcbertragung<\/h4>\n\n\n\n<ul><li>Abgabe von Energie an endergone Reaktion<\/li><li>Synthese informationsreicher Makromolek\u00fcle (DNA &#8211; RNA &#8211; Proteine)<\/li><li>aktiver Stofftransport (Natrium &#8211; Kalium &#8211; Pumpe)<\/li><li>Bewegung: Bewegung der Ribosome, Transportproteine, Muskelbewegung usw.<\/li><\/ul>\n\n\n\n<h2 class=\"wp-block-heading\"><img loading=\"lazy\" decoding=\"async\" width=\"25\" height=\"25\" class=\"wp-image-1421\" style=\"width: 25px;\" src=\"http:\/\/bioclips.info\/wp-content\/uploads\/2020\/04\/fuesse2.jpg\" alt=\"\" srcset=\"https:\/\/bioclips.info\/wp-content\/uploads\/2020\/04\/fuesse2.jpg 512w, https:\/\/bioclips.info\/wp-content\/uploads\/2020\/04\/fuesse2-300x300.jpg 300w, https:\/\/bioclips.info\/wp-content\/uploads\/2020\/04\/fuesse2-150x150.jpg 150w\" sizes=\"(max-width: 25px) 100vw, 25px\" \/> Auf dem Lernpfad<\/h2>\n\n\n\n<p><a href=\"http:\/\/bioclips.info\/?page_id=1383\">ATP-Synthase &#8211; die kleinste Turbine der Welt<\/a><\/p>\n","protected":false},"excerpt":{"rendered":"<p>Vor allem ATP bestimmt den Energiekreislauf in der Zelle, es ist sozusagen die Energiew\u00e4hrung, die zwischen abbauenden und aufbauenden Stoffwechselvorg\u00e4ngen vermittelt. Menschliche Zellen erhalten ihre Energie (freie Enthalpie) aus dem Abbau energiereicher organischer N\u00e4hrstoffe. Sie verwenden diese Energie um ATP herzustellen. Die &#8222;ATP &#8211; Energie&#8220; ist beteiligt an der Synthese von energiereichen Verbindungen, am aktiven&#8230;<\/p>\n","protected":false},"author":1,"featured_media":0,"parent":1040,"menu_order":8,"comment_status":"closed","ping_status":"closed","template":"","meta":{"footnotes":""},"_links":{"self":[{"href":"https:\/\/bioclips.info\/index.php?rest_route=\/wp\/v2\/pages\/1609"}],"collection":[{"href":"https:\/\/bioclips.info\/index.php?rest_route=\/wp\/v2\/pages"}],"about":[{"href":"https:\/\/bioclips.info\/index.php?rest_route=\/wp\/v2\/types\/page"}],"author":[{"embeddable":true,"href":"https:\/\/bioclips.info\/index.php?rest_route=\/wp\/v2\/users\/1"}],"replies":[{"embeddable":true,"href":"https:\/\/bioclips.info\/index.php?rest_route=%2Fwp%2Fv2%2Fcomments&post=1609"}],"version-history":[{"count":11,"href":"https:\/\/bioclips.info\/index.php?rest_route=\/wp\/v2\/pages\/1609\/revisions"}],"predecessor-version":[{"id":2531,"href":"https:\/\/bioclips.info\/index.php?rest_route=\/wp\/v2\/pages\/1609\/revisions\/2531"}],"up":[{"embeddable":true,"href":"https:\/\/bioclips.info\/index.php?rest_route=\/wp\/v2\/pages\/1040"}],"wp:attachment":[{"href":"https:\/\/bioclips.info\/index.php?rest_route=%2Fwp%2Fv2%2Fmedia&parent=1609"}],"curies":[{"name":"wp","href":"https:\/\/api.w.org\/{rel}","templated":true}]}}