{"id":1425,"date":"2020-04-25T11:30:22","date_gmt":"2020-04-25T09:30:22","guid":{"rendered":"http:\/\/bioclips.info\/?page_id=1425"},"modified":"2020-04-26T11:57:32","modified_gmt":"2020-04-26T09:57:32","slug":"zellatmung-ein-erster-ueberblick","status":"publish","type":"page","link":"https:\/\/bioclips.info\/?page_id=1425","title":{"rendered":"Zellatmung &#8211; ein erster \u00dcberblick"},"content":{"rendered":"\n<h2 class=\"wp-block-heading\"><img loading=\"lazy\" decoding=\"async\" width=\"25\" height=\"25\" class=\"wp-image-961\" style=\"width: 25px;\" src=\"http:\/\/bioclips.info\/wp-content\/uploads\/2018\/12\/favicon.jpg\" alt=\"\" srcset=\"https:\/\/bioclips.info\/wp-content\/uploads\/2018\/12\/favicon.jpg 512w, https:\/\/bioclips.info\/wp-content\/uploads\/2018\/12\/favicon-150x150.jpg 150w, https:\/\/bioclips.info\/wp-content\/uploads\/2018\/12\/favicon-300x300.jpg 300w\" sizes=\"(max-width: 25px) 100vw, 25px\" \/> Worum gehts?<\/h2>\n\n\n\n<p>Was versteht man unter Dissimilation bzw. Zellatmung und welche Zellbestandteile sind daran beteiligt?<\/p>\n\n\n\n<ul><li>abbauende (katabole) Stoffwechselvorg\u00e4nge zur Bereitstellung von Energie aus energiereichen organischen Verbindungen.<\/li><li>organische Verbindungen sind Kohlenhydrate, Fette und Eiweise<\/li><li>in der Schule h\u00e4ufig behandelte Formen der Dissimilation sind: Zellatmung und die G\u00e4rung (Milchs\u00e4ureg\u00e4rung, alkoholische G\u00e4rung)<\/li><\/ul>\n\n\n\n<h2 class=\"wp-block-heading\">Zellatmung &#8211; innere Atmung<\/h2>\n\n\n\n<ul><li>bei der Zellatmung oxidiert Glukose zu Wasser und Kohlendioxid. Einfach formuliert, Glukose wird verbrannt.<\/li><li>die Energiefreissetzung bewirkt die Bildung von ATP als universelle &#8222;Energiew\u00e4hrung&#8220;<\/li><\/ul>\n\n\n\n<p class=\"has-text-align-center\">Glukose + Sauerstoff =&gt; Kohlendioxid + Wasser <br><strong>C<sub>6<\/sub>H<sub>12<\/sub>O<sub>6<\/sub> + 6O<sub>2 <\/sub>=&gt; 6CO<sub>2<\/sub> + 6H<sub>2<\/sub>O<\/strong><\/p>\n\n\n\n<h2 class=\"wp-block-heading\">Zellatmung &#8211; Teilschritte<\/h2>\n\n\n\n<p>Die Zellatmung l\u00e4sst sich in folgende Teilschritte gliedern.<\/p>\n\n\n\n<ol><li>Substratzerlegung: Glukose wird vollst\u00e4ndig abgebaut und als Kohlendioxid abgegeben. Die Substratzerlegung gliedert sich in folgende Abbauprozesse:<ul><li>Glykolyse<\/li><li>Oxidative Dekarboxylierung<\/li><li>Zitronens\u00e4urezyklus<\/li><\/ul><\/li><li>Endoxidation: die bei Substratzerlegung anfallenden Wasserstoffprotonen werden einer enzymatisch kontrollierten Knallgasreaktion zugef\u00fchrt. Der Wasserstoff regiert mit Sauerstoff zu Wasser.<\/li><\/ol>\n\n\n\n<h2 class=\"wp-block-heading\">Reaktionsorte der Zellatmung<\/h2>\n\n\n\n<h3 class=\"wp-block-heading\">Zellplasma<\/h3>\n\n\n\n<ul><li>Der Abbau der Glukose beginnt mit der <strong>Glykolyse<\/strong> im Zellplasma<\/li><\/ul>\n\n\n\n<h3 class=\"wp-block-heading\">Mitochondrien<\/h3>\n\n\n\n<div class=\"wp-block-image\"><figure class=\"aligncenter size-large\"><img loading=\"lazy\" decoding=\"async\" width=\"467\" height=\"388\" src=\"https:\/\/bioclips.info\/wp-content\/uploads\/2020\/04\/zell-mitochon.jpg\" alt=\"\" class=\"wp-image-1437\" srcset=\"https:\/\/bioclips.info\/wp-content\/uploads\/2020\/04\/zell-mitochon.jpg 467w, https:\/\/bioclips.info\/wp-content\/uploads\/2020\/04\/zell-mitochon-300x249.jpg 300w\" sizes=\"(max-width: 467px) 100vw, 467px\" \/><figcaption>Mitochondrium<\/figcaption><\/figure><\/div>\n\n\n\n<ul><li>&#8222;Kraftwerke&#8220; der Zelle: produzieren ATP<\/li><li>Matrix: Oxidative Decarboxylierung und Zitronens\u00e4urezyklus<\/li><li>die innere Mitochondrienmembran: enth\u00e4lt Oxidoreduktasen f\u00fcr die Endoxidation<\/li><li>im Membranzwischenraum (Intermembranbereich) werden H<sup>+<\/sup> Protonen &#8222;angestaut&#8220;<\/li><li>enth\u00e4lt mehr H<sup>+<\/sup> (saurer pH-Wert) als die Matrix<\/li><\/ul>\n\n\n\n<p>Die Matrix enth\u00e4lt neben den f\u00fcr die Zellatmung notwendigen Enzymen eigene DNA und RNA sowie Ribosome und Lipide.<\/p>\n\n\n\n<h2 class=\"wp-block-heading\"><img loading=\"lazy\" decoding=\"async\" width=\"25\" height=\"25\" class=\"wp-image-1421\" style=\"width: 25px;\" src=\"http:\/\/bioclips.info\/wp-content\/uploads\/2020\/04\/fuesse2.jpg\" alt=\"\" srcset=\"https:\/\/bioclips.info\/wp-content\/uploads\/2020\/04\/fuesse2.jpg 512w, https:\/\/bioclips.info\/wp-content\/uploads\/2020\/04\/fuesse2-300x300.jpg 300w, https:\/\/bioclips.info\/wp-content\/uploads\/2020\/04\/fuesse2-150x150.jpg 150w\" sizes=\"(max-width: 25px) 100vw, 25px\" \/> Auf dem Lernpfad<\/h2>\n\n\n\n<p>Die folgenden Seiten vertiefen das Thema. Beginnen sollte man mit dem Gesamt\u00fcberblick: <a href=\"https:\/\/bioclips.info\/?page_id=1433\">Zellatmung &#8211; die 4 Phasen kurz und knapp<\/a><\/p>\n","protected":false},"excerpt":{"rendered":"<p>Worum gehts? Was versteht man unter Dissimilation bzw. Zellatmung und welche Zellbestandteile sind daran beteiligt? abbauende (katabole) Stoffwechselvorg\u00e4nge zur Bereitstellung von Energie aus energiereichen organischen Verbindungen. organische Verbindungen sind Kohlenhydrate, Fette und Eiweise in der Schule h\u00e4ufig behandelte Formen der Dissimilation sind: Zellatmung und die G\u00e4rung (Milchs\u00e4ureg\u00e4rung, alkoholische G\u00e4rung) Zellatmung &#8211; innere Atmung bei der&#8230;<\/p>\n","protected":false},"author":1,"featured_media":0,"parent":0,"menu_order":0,"comment_status":"closed","ping_status":"closed","template":"","meta":{"footnotes":""},"_links":{"self":[{"href":"https:\/\/bioclips.info\/index.php?rest_route=\/wp\/v2\/pages\/1425"}],"collection":[{"href":"https:\/\/bioclips.info\/index.php?rest_route=\/wp\/v2\/pages"}],"about":[{"href":"https:\/\/bioclips.info\/index.php?rest_route=\/wp\/v2\/types\/page"}],"author":[{"embeddable":true,"href":"https:\/\/bioclips.info\/index.php?rest_route=\/wp\/v2\/users\/1"}],"replies":[{"embeddable":true,"href":"https:\/\/bioclips.info\/index.php?rest_route=%2Fwp%2Fv2%2Fcomments&post=1425"}],"version-history":[{"count":9,"href":"https:\/\/bioclips.info\/index.php?rest_route=\/wp\/v2\/pages\/1425\/revisions"}],"predecessor-version":[{"id":1522,"href":"https:\/\/bioclips.info\/index.php?rest_route=\/wp\/v2\/pages\/1425\/revisions\/1522"}],"wp:attachment":[{"href":"https:\/\/bioclips.info\/index.php?rest_route=%2Fwp%2Fv2%2Fmedia&parent=1425"}],"curies":[{"name":"wp","href":"https:\/\/api.w.org\/{rel}","templated":true}]}}