{"id":1383,"date":"2020-04-24T11:44:11","date_gmt":"2020-04-24T09:44:11","guid":{"rendered":"http:\/\/bioclips.info\/?page_id=1383"},"modified":"2023-07-18T11:52:28","modified_gmt":"2023-07-18T09:52:28","slug":"atpase-die-kleinste-turbine-der-welt","status":"publish","type":"page","link":"https:\/\/bioclips.info\/?page_id=1383","title":{"rendered":"ATP-Synthase &#8211; die kleinste Turbine der Welt"},"content":{"rendered":"\n<p class=\"has-background\" style=\"background-color:#f0f0f0\">In einem Wasserkraftwerk wird Wasser hinter einer Mauer angestaut. Dieser R\u00fcckstau erzeugt in Turbinen eine Rotation, die in Stom umgwandelt wird. Dieses Prinzip erkl\u00e4rt als Analogie, wie in Mitochondrien und Chloroplasten mittels ATP-Synthase chemische Energie in Form von ATP erzeugt wird. Angestaut werden hier Protonen, die Staumauer ist die innere Membran, in die als &#8222;Turbine&#8220; die ATP-Synthase eingelassen ist. Der Mechanismus der ATP-Synthase beruht ebenfalls auf der einer Rotationsbewegung, die die ATP-Synthese antreibt. Man kann hier von einer molkularen Mechanik sprechen, die der Energiegewinnung dient.<\/p>\n\n\n\n<h2 class=\"wp-block-heading has-text-color\" style=\"color:#004400\"><img loading=\"lazy\" decoding=\"async\" width=\"25\" height=\"25\" class=\"wp-image-961\" style=\"width: 25px;\" src=\"http:\/\/bioclips.info\/wp-content\/uploads\/2018\/12\/favicon.jpg\" alt=\"\" srcset=\"https:\/\/bioclips.info\/wp-content\/uploads\/2018\/12\/favicon.jpg 512w, https:\/\/bioclips.info\/wp-content\/uploads\/2018\/12\/favicon-150x150.jpg 150w, https:\/\/bioclips.info\/wp-content\/uploads\/2018\/12\/favicon-300x300.jpg 300w\" sizes=\"(max-width: 25px) 100vw, 25px\" \/> Worum gehts?<\/h2>\n\n\n\n<ol>\n<li>Wie ist die ATP-Synthase aufgebaut?<\/li>\n\n\n\n<li>Welcher funtionelle Zusammenhang besteht zwischen den Bauteilen?<\/li>\n\n\n\n<li>Wie verl\u00e4uft die Synthese von ATP an der inneren Mitochondrienmembran w\u00e4hrend der&nbsp;Endoxidation&nbsp;(Atmungskette)?<\/li>\n<\/ol>\n\n\n\n<h2 class=\"wp-block-heading\">Aufbau der ATP-Synthase<\/h2>\n\n\n<div class=\"wp-block-image\">\n<figure class=\"aligncenter size-large\"><img loading=\"lazy\" decoding=\"async\" width=\"550\" height=\"400\" src=\"https:\/\/bioclips.info\/wp-content\/uploads\/2020\/04\/enz_ATPase.jpg\" alt=\"\" class=\"wp-image-1386\" srcset=\"https:\/\/bioclips.info\/wp-content\/uploads\/2020\/04\/enz_ATPase.jpg 550w, https:\/\/bioclips.info\/wp-content\/uploads\/2020\/04\/enz_ATPase-300x218.jpg 300w\" sizes=\"(max-width: 550px) 100vw, 550px\" \/><\/figure><\/div>\n\n\n<h3 class=\"wp-block-heading\">Die F-1 Untereinheit<\/h3>\n\n\n\n<ul>\n<li>Die F<sub>1<\/sub>&nbsp;Untereinheit besteht aus 5 unterschiedlichen Peptiden ( \u03b1, \u03b2, \u03b3, \u03b4 und \u03b5). Die jeweils drei \u03b1 und \u03b2 Untereinheiten bilden den Hauptanteil und sind abwechselnd angeordnet.<\/li>\n\n\n\n<li>Nur die \u03b2-Untereinheiten sind direkt an der Katalyse beteiligt. Die \u03b3- und \u03b5-Untereiheiten bilden den zentralen Stiel.<\/li>\n\n\n\n<li>Die F1 Untereinheit ragt in die Matrix.<\/li>\n<\/ul>\n\n\n\n<h3 class=\"wp-block-heading\">Die F-0 Untereinheit<\/h3>\n\n\n\n<p>Die F<sub>0<\/sub>&nbsp;Untereinheit ist der hydrophobe Teil, der in die Membran integriert ist. 10-14 c-Untereinheiten bilden einen Ring. Die a-Untereinheit ist an den Ring angelagert. Sie enth\u00e4lt zwei halbdurchl\u00e4ssige Protonenkan\u00e4le und bildet die Basis f\u00fcr die au\u00dfen angelegt S\u00e4ule, die \u00fcber zwei b-Untereinheiten und eine \u03b4-Untereinheit die Verbindung zum F1-Komplex herstellt.<\/p>\n\n\n\n<h3 class=\"wp-block-heading\"><img loading=\"lazy\" decoding=\"async\" width=\"25\" height=\"25\" class=\"wp-image-1409\" style=\"width: 25px;\" src=\"http:\/\/bioclips.info\/wp-content\/uploads\/2020\/04\/birne.jpg\" alt=\"\" srcset=\"https:\/\/bioclips.info\/wp-content\/uploads\/2020\/04\/birne.jpg 512w, https:\/\/bioclips.info\/wp-content\/uploads\/2020\/04\/birne-300x300.jpg 300w, https:\/\/bioclips.info\/wp-content\/uploads\/2020\/04\/birne-150x150.jpg 150w\" sizes=\"(max-width: 25px) 100vw, 25px\" \/> Was man im Folgenden wissen muss<\/h3>\n\n\n\n<ul>\n<li>Die ATP-Synthase l\u00e4sst sich funktionell in eine bewegbliche Einheit, der Rotor, und eine starre Einheit, der Stator, gliedern.\n<ul>\n<li>Der Rotor besteht aus dem c-Ring und dem zentralen (\u03b3-\u03b5-) Stiel.<\/li>\n\n\n\n<li>Der Stator besteht aus der S\u00e4ule (a, \u03b4- Protein sowie 2b-Proteinen) und jeweils 3 \u03b1- und \u03b2-Proteinen. Sie bilden sich abwechselnd ein Hexamer.<\/li>\n<\/ul>\n<\/li>\n<\/ul>\n\n\n\n<h2 class=\"wp-block-heading\">Zusammenhang von Struktur und Funktion bei der ATP-Synthase<\/h2>\n\n\n\n<h3 class=\"wp-block-heading\">Der Stator<\/h3>\n\n\n\n<ul>\n<li>Der Stator als starrer Komplex enth\u00e4lt die katalytische Einheit, die f\u00fcr die ATP &#8211; Synthese verantwortlich ist.<\/li>\n\n\n\n<li>\u00dcber die Halbprotonenkan\u00e4le (A und B) des a-Proteins der S\u00e4ule erfolgt der Protonentransport durch die Membran.<\/li>\n\n\n\n<li>Der Kanal E (Eingang) nimmt Protonen auf und \u00fcbertr\u00e4gt sie auf den Proteinring. Sie vollf\u00fchren dann eine vollst\u00e4ndige Rotation bis zum Kanal A (Ausgang), wo sie in die Matrix entlassen werden (Protonenfluss).<\/li>\n<\/ul>\n\n\n\n<h3 class=\"wp-block-heading\">Der Rotor<\/h3>\n\n\n\n<ul>\n<li>Der Rotor ist das bewegliche Element der ATP-Synthase. Er besteht aus einem Protonenring und dem zentralen Stiel, der neben der S\u00e4ule eine Verbindung zum Stator herstellt.<\/li>\n\n\n\n<li>Der Protonenfluss versetzt den Proteinring in eine rotierende Bewegung, die den zentralen Stiel ebenfalls rotieren l\u00e4sst.<\/li>\n\n\n\n<li>Dadurch erfolgt die enzymatische Umsetzung der Substrat ADP und Posphat in das Produkt und vor allem die Freisetzung der ATP-Molek\u00fcle aus der Bindungstelle des Enzyms.<\/li>\n<\/ul>\n\n\n\n<figure class=\"wp-block-embed aligncenter is-type-video is-provider-youtube wp-block-embed-youtube wp-embed-aspect-16-9 wp-has-aspect-ratio\"><div class=\"wp-block-embed__wrapper\">\n<iframe loading=\"lazy\" title=\"ATP-Synthase\" width=\"644\" height=\"362\" src=\"https:\/\/www.youtube.com\/embed\/U2lAKvLP_vA?feature=oembed\" frameborder=\"0\" allow=\"accelerometer; autoplay; clipboard-write; encrypted-media; gyroscope; picture-in-picture; web-share\" referrerpolicy=\"strict-origin-when-cross-origin\" allowfullscreen><\/iframe>\n<\/div><\/figure>\n\n\n\n<p><img loading=\"lazy\" decoding=\"async\" width=\"25\" height=\"25\" class=\"wp-image-1409\" style=\"width: 25px;\" src=\"http:\/\/bioclips.info\/wp-content\/uploads\/2020\/04\/birne.jpg\" alt=\"\" srcset=\"https:\/\/bioclips.info\/wp-content\/uploads\/2020\/04\/birne.jpg 512w, https:\/\/bioclips.info\/wp-content\/uploads\/2020\/04\/birne-300x300.jpg 300w, https:\/\/bioclips.info\/wp-content\/uploads\/2020\/04\/birne-150x150.jpg 150w\" sizes=\"(max-width: 25px) 100vw, 25px\" \/> Die ATP-Synthase besteht aus einer protonenleitenden und einer katalytischen Einheit.<\/p>\n\n\n\n<h2 class=\"wp-block-heading\">Der Protonenstrom treibt die ATP &#8211; Synthese<\/h2>\n\n\n\n<p>Voraussetzung f\u00fcr die ATP-Synthese ist der Elektronentransport der&nbsp;Atmungskette&nbsp;durch die innere Mitochondrienmembran. Das f\u00fchrt zu einer Anreicherung von Protonen im Membranzwischenraum des Mitochondriums. Die Protonenkonzentration ist hier um ein Vielfaches h\u00f6her als in der Matrix. Das Konzentrationsgef\u00e4lle zwischen Membranzwischenraum und Matrix bezeichnet man als Protonengradient, der gleichzeitig einen elektrischen Gradienten (elektrisches Feld) enstehen l\u00e4sst.<\/p>\n\n\n\n<p>\u00c4hnlich wie in der Analogie &#8222;Wasserkraftwerk&#8220; werden die Protonen durch die Membran (Staumauer) angestaut. Diese energiereiche Verteilung ergibt die sogenannte protonenmotorische Kraft, die im &#8222;Wasserkrafwerk&#8220; dem Wasserdruck entspricht.<\/p>\n\n\n\n<p>Die Protonen sind nun bestrebt enstprechend dem Konzentrationsgef\u00e4lle das Ungleichgewicht auszugleichen und flie\u00dfen somit durch die Membran in Richtung Matrix, das k\u00f6nnen sie nur durch die ATP-Synthase, die hier als &#8222;Turbine&#8220; fungiert. Wie in einer wassergetriebenen Turbine wird in der ATP-Synthase der Rotor durch den Protonenstrom in eine rotierende Bewegung versetzt, der die ATP-Synthese antreibt. Wie wird nun genau die protonenmotorische Kraft umgesetzt, um chemische Energie in Form von ATP zu erzeugen.<\/p>\n\n\n\n<p>Der &#8222;Protonendruck&#8220; wird \u00fcber das protonenleitende Protein (Protein a der S\u00e4ule) abgebaut. Die Protonen wandern \u00fcber den cytoplasmatischen Halbkanal (E) ein und binden am Proteinring (c-Ring), der dadurch im Uhrzeigerrichtung in Rotation versetzt wird. Jedes Proton vollf\u00fchrt anschlie\u00dfend eine vollst\u00e4ndige Rotation bis zum Matrixkanal (A). Hier erfolgt die Abgabe in die Matrix.<\/p>\n\n\n\n<h2 class=\"wp-block-heading\">Wirkungsweise der Katalytischen Einheit der ATP-Synthase<\/h2>\n\n\n\n<p>Die Rotation des Proteinrings versetzt wiederum den<strong>&nbsp;zentralen Stiel<\/strong>&nbsp;(\u03b5 und \u03b3 &#8211; Komplex) in Rotation. Dadurch kommt es zu r\u00e4umlichen Struktur\u00e4nderungen der \u03b2-Proteine (\u00c4nderung der Konformation der katalytischen Proteine) ineinander. Das \u03b2-Protein kann drei Zust\u00e4nde einnehmen:<\/p>\n\n\n\n<ol>\n<li>L-Zustand: ADP und Phosphat wird fixiert<\/li>\n\n\n\n<li>T-Zustand: ATP-Synthese.<\/li>\n\n\n\n<li>O-Zustand: ATP wird freigesetzt.<\/li>\n<\/ol>\n\n\n\n<p>Diese Konformation\u00e4nderungen werden durch die Rotation des zentralen Stiels verursacht, der somit die Synthese und vor allem f\u00fcr die Freisetzung von ATP aus der Bindungsstelle des Enzyms veranlasst.<\/p>\n\n\n\n<figure class=\"wp-block-embed is-type-video is-provider-youtube wp-block-embed-youtube wp-embed-aspect-16-9 wp-has-aspect-ratio\"><div class=\"wp-block-embed__wrapper\">\n<iframe loading=\"lazy\" title=\"ATP-Synthase - Rotation der katalytischen Einheit\" width=\"644\" height=\"362\" src=\"https:\/\/www.youtube.com\/embed\/KesbLyh0l3A?feature=oembed\" frameborder=\"0\" allow=\"accelerometer; autoplay; clipboard-write; encrypted-media; gyroscope; picture-in-picture; web-share\" referrerpolicy=\"strict-origin-when-cross-origin\" allowfullscreen><\/iframe>\n<\/div><figcaption class=\"wp-element-caption\">Die katalytische Einheit von oben<\/figcaption><\/figure>\n\n\n\n<p><img loading=\"lazy\" decoding=\"async\" width=\"25\" height=\"25\" class=\"wp-image-1409\" style=\"width: 25px;\" src=\"http:\/\/bioclips.info\/wp-content\/uploads\/2020\/04\/birne.jpg\" alt=\"\" srcset=\"https:\/\/bioclips.info\/wp-content\/uploads\/2020\/04\/birne.jpg 512w, https:\/\/bioclips.info\/wp-content\/uploads\/2020\/04\/birne-300x300.jpg 300w, https:\/\/bioclips.info\/wp-content\/uploads\/2020\/04\/birne-150x150.jpg 150w\" sizes=\"(max-width: 25px) 100vw, 25px\" \/> Der Mechanismus der ATP-Synthese wurde erstmals als chemiosmotische Hypothese von Peter Mitchel im Jahr 1961 beschrieben. Sie formuliert, dass der Elektronentransport in der Atmungskette (Oxidation) und die ATP-Synthese (oxidative Phosphorylierung) durch einen Protonengradienten miteinander gekoppelt sind.<\/p>\n\n\n\n<h3 class=\"wp-block-heading\"><img loading=\"lazy\" decoding=\"async\" width=\"25\" height=\"25\" class=\"wp-image-1338\" style=\"width: 25px;\" src=\"http:\/\/bioclips.info\/wp-content\/uploads\/2020\/04\/Punkt.jpg\" alt=\"\" srcset=\"https:\/\/bioclips.info\/wp-content\/uploads\/2020\/04\/Punkt.jpg 512w, https:\/\/bioclips.info\/wp-content\/uploads\/2020\/04\/Punkt-300x300.jpg 300w, https:\/\/bioclips.info\/wp-content\/uploads\/2020\/04\/Punkt-150x150.jpg 150w\" sizes=\"(max-width: 25px) 100vw, 25px\" \/> Punktlandung<\/h3>\n\n\n\n<ul>\n<li>Der Elektronentransport in der Atmungskette (Oxidation) und die ATP-Synthese (oxidative Phosphorylierung) sind durch einen Protonengradienten miteinander gekoppelt.<\/li>\n\n\n\n<li>Der Protonengradient setzt sich aus zwei Komponenten zusammen: einem chemischen (negativer pH-Wert im Membranzwischenraum) und einem elektrischen Gradienten (positive Ladung der Protonen).<\/li>\n\n\n\n<li>Die ATP-Synthase besteht aus einer protonenleitenden und einer katalytischen Einheit.<\/li>\n\n\n\n<li>Die &#8222;Mechanik&#8220; des Enzyms besteht aus einer starren (Stator) und einer rotierenden Einheit (Rotor).<\/li>\n\n\n\n<li>Die protonenmotorische Kraft (Gradient) versetzt den Rotor in eine Rotationsbewegung.<\/li>\n\n\n\n<li>Die Rotation des Rotors treibt die Konformations\u00e4nderungen der enzymatisch aktiven Proteine (\u03b2-Untereinheiten) und bewirkt somit die Katalyse und vor allem die Freisetzung von ATP.<\/li>\n<\/ul>\n\n\n\n<p><img loading=\"lazy\" decoding=\"async\" width=\"25\" height=\"25\" class=\"wp-image-1409\" style=\"width: 25px;\" src=\"http:\/\/bioclips.info\/wp-content\/uploads\/2020\/04\/birne.jpg\" alt=\"\" srcset=\"https:\/\/bioclips.info\/wp-content\/uploads\/2020\/04\/birne.jpg 512w, https:\/\/bioclips.info\/wp-content\/uploads\/2020\/04\/birne-300x300.jpg 300w, https:\/\/bioclips.info\/wp-content\/uploads\/2020\/04\/birne-150x150.jpg 150w\" sizes=\"(max-width: 25px) 100vw, 25px\" \/> Zellatmung und Photosynthese erzeugen mit dem gleichen Mechanismus ATP. Beide basieren auf einem Protonengradienten und nutzen eine ATP-Synthase f\u00fcr die ATP-Synthese. <br>Der Unterschied besteht lediglich in der Energiegewinnung f\u00fcr den Gradientenaufbau. Bei Photosynthese (Photophosphorylierung) wird der Gradient mittels Lichtenergie aufgebaut, bei der Zellatmung (oxidativen Phosphorylierung) treiben Redoxreaktionen die &#8222;Protonenpumpen&#8220; an, die den Protonengradienten erzeugen. <\/p>\n\n\n\n<h3 class=\"wp-block-heading\"><img loading=\"lazy\" decoding=\"async\" width=\"25\" height=\"25\" class=\"wp-image-1421\" style=\"width: 25px;\" src=\"http:\/\/bioclips.info\/wp-content\/uploads\/2020\/04\/fuesse2.jpg\" alt=\"\" srcset=\"https:\/\/bioclips.info\/wp-content\/uploads\/2020\/04\/fuesse2.jpg 512w, https:\/\/bioclips.info\/wp-content\/uploads\/2020\/04\/fuesse2-300x300.jpg 300w, https:\/\/bioclips.info\/wp-content\/uploads\/2020\/04\/fuesse2-150x150.jpg 150w\" sizes=\"(max-width: 25px) 100vw, 25px\" \/> Auf dem Lernpfad&#8230;<\/h3>\n\n\n\n<p>Geschafft, du kannst mit einem neuen Thema beginnen&#8230;<\/p>\n","protected":false},"excerpt":{"rendered":"<p>In einem Wasserkraftwerk wird Wasser hinter einer Mauer angestaut. Dieser R\u00fcckstau erzeugt in Turbinen eine Rotation, die in Stom umgwandelt wird. Dieses Prinzip erkl\u00e4rt als Analogie, wie in Mitochondrien und Chloroplasten mittels ATP-Synthase chemische Energie in Form von ATP erzeugt wird. Angestaut werden hier Protonen, die Staumauer ist die innere Membran, in die als &#8222;Turbine&#8220;&#8230;<\/p>\n","protected":false},"author":1,"featured_media":0,"parent":1040,"menu_order":9,"comment_status":"closed","ping_status":"closed","template":"","meta":{"footnotes":""},"_links":{"self":[{"href":"https:\/\/bioclips.info\/index.php?rest_route=\/wp\/v2\/pages\/1383"}],"collection":[{"href":"https:\/\/bioclips.info\/index.php?rest_route=\/wp\/v2\/pages"}],"about":[{"href":"https:\/\/bioclips.info\/index.php?rest_route=\/wp\/v2\/types\/page"}],"author":[{"embeddable":true,"href":"https:\/\/bioclips.info\/index.php?rest_route=\/wp\/v2\/users\/1"}],"replies":[{"embeddable":true,"href":"https:\/\/bioclips.info\/index.php?rest_route=%2Fwp%2Fv2%2Fcomments&post=1383"}],"version-history":[{"count":29,"href":"https:\/\/bioclips.info\/index.php?rest_route=\/wp\/v2\/pages\/1383\/revisions"}],"predecessor-version":[{"id":2634,"href":"https:\/\/bioclips.info\/index.php?rest_route=\/wp\/v2\/pages\/1383\/revisions\/2634"}],"up":[{"embeddable":true,"href":"https:\/\/bioclips.info\/index.php?rest_route=\/wp\/v2\/pages\/1040"}],"wp:attachment":[{"href":"https:\/\/bioclips.info\/index.php?rest_route=%2Fwp%2Fv2%2Fmedia&parent=1383"}],"curies":[{"name":"wp","href":"https:\/\/api.w.org\/{rel}","templated":true}]}}